{"id":4258,"date":"2025-06-25T11:24:07","date_gmt":"2025-06-25T11:24:07","guid":{"rendered":"https:\/\/egoskincare.pl\/sklep\/?post_type=product&#038;p=4258"},"modified":"2025-06-25T11:26:22","modified_gmt":"2025-06-25T11:26:22","slug":"cell-detox-plynny-filtr-mlodosci-spf50","status":"publish","type":"product","link":"https:\/\/egoskincare.pl\/sklep\/produkt\/cell-detox-plynny-filtr-mlodosci-spf50\/","title":{"rendered":"CELL DETOXIUM P\u0142ynny filtr m\u0142odo\u015bci SPF50"},"content":{"rendered":"","protected":false},"excerpt":{"rendered":"<h3>CELL DETOXIUM P\u0142ynny filtr m\u0142odo\u015bci SPF50<\/h3>\n<div id=\"grid\">\n<div id=\"item2\">\n<section class=\"elementor-section elementor-top-section elementor-element elementor-element-d324e2b elementor-section-boxed elementor-section-height-default elementor-section-height-default\" data-id=\"d324e2b\" data-element_type=\"section\" data-settings=\"{&quot;thegem_custom_css&quot;:&quot;.default-background {\\n background-color: white !important;\\n}&quot;}\">\n<div class=\"elementor-container elementor-column-gap-thegem\">\n<div class=\"elementor-row\">\n<div class=\"elementor-column elementor-col-100 elementor-top-column elementor-element elementor-element-2aa691d\" data-id=\"2aa691d\" data-element_type=\"column\">\n<div class=\"elementor-widget-wrap elementor-element-populated\">\n<div class=\"elementor-element elementor-element-16ae24b flex-horizontal-align-default flex-horizontal-align-tablet-default flex-horizontal-align-mobile-default flex-vertical-align-default flex-vertical-align-tablet-default flex-vertical-align-mobile-default elementor-widget elementor-widget-thegem-accordion\" data-id=\"16ae24b\" data-element_type=\"widget\" data-settings=\"{&quot;thegem_custom_css&quot;:&quot;.block-content {\\r\\n padding-top: 0px; \\r\\n}\\r\\n\\r\\n#grid {\\r\\n display: grid;\\r\\n\\r\\ngrid-row-gap: 60px; \\r\\n\\r\\n}\\r\\n\\r\\n#item1 {\\r\\n b grid-column: 1;\\r\\n}\\r\\n\\r\\n#item2 {\\r\\n grid-column: 1;\\r\\n}\\r\\n\\r\\n\\r\\n\\r\\n\\r\\n.packshot{\\r\\n \\r\\n width: 120px;\\r\\n margin-right: 50px;\\r\\n\\r\\n}\\r\\n\\r\\np {\\r\\n margin: 0 0 0em;\\r\\n}\\r\\n\\r\\nhr {\\r\\n\\r\\n margin-bottom: 5px !important;\\r\\n margin-top: 5px !important;\\r\\n}\\r\\n\\r\\n\\r\\n\\r\\n\\r\\n@media (min-width: 600px) {\\r\\n\\r\\n#grid {\\r\\n display: grid;\\r\\n}\\r\\n\\r\\n#item1 {\\r\\n b grid-column: 2\\\/ 6;\\r\\n}\\r\\n\\r\\n#item2 {\\r\\n grid-column: 4 \\\/ 6;\\r\\n}\\r\\n}\\r\\n\\r\\n\\r\\n&quot;,&quot;thegem_elementor_preset&quot;:&quot;classic&quot;}\" data-widget_type=\"thegem-accordion.default\">\n<div class=\"elementor-widget-container\">\n<div class=\"gem-tta-container\" data-vc-action=\"collapse\">\n<div class=\"gem-tta-general gem-tta gem-tta-accordion gem-tta-color-thegem gem-tta-style-classic gem-tta-shape-rounded gem-tta-o-shape-group gem-tta-controls-align-left\">\n<div class=\"gem-tta-panels-container\">\n<div class=\"gem-tta-panels\">\n<div id=\"section-16ae24b-2\" class=\"gem-tta-panel gem-tta-active\" data-vc-content=\".gem-tta-panel-body\">\n<div class=\"gem-tta-panel-body\">\n<div class=\"gem-text-output\">\n<div id=\"grid\">\n<div id=\"item2\">\n<div id=\"grid\">\n<div id=\"item2\">Intensywna kuracja chroni\u0105ca przed zanieczyszczeniami miejskimi i promieniowaniem s\u0142onecznym, kt\u00f3re s\u0105 g\u0142\u00f3wnymi przyczynami matowej sk\u00f3ry, rozszerzonych por\u00f3w, przebarwie\u0144, zmarszczek i odwodnienia. Zachowuje kapita\u0142 m\u0142odo\u015bci sk\u00f3ry, chroni\u0105c j\u0105 przed smogiem, toksynami i innymi szkodliwymi czynnikami zewn\u0119trznymi.\u00a0<strong>Stosowanie:<\/strong> Wstrz\u0105\u015bnij przed u\u017cyciem. Na\u0142\u00f3\u017c na twarz, szyj\u0119 i dekolt. Zaaplikuj ponownie w przypadku d\u0142ugotrwa\u0142ego, bezpo\u015bredniego nara\u017cenia na s\u0142o\u0144ce.<\/div>\n<\/div>\n<\/div>\n<\/div>\n<\/div>\n<\/div>\n<\/div>\n<\/div>\n<\/div>\n<\/div>\n<\/div>\n<\/div>\n<\/div>\n<\/div>\n<\/div>\n<\/div>\n<\/div>\n<\/section>\n<\/div>\n<\/div>\n","protected":false},"featured_media":4246,"comment_status":"open","ping_status":"closed","template":"","meta":{"ocean_post_layout":"","ocean_both_sidebars_style":"","ocean_both_sidebars_content_width":0,"ocean_both_sidebars_sidebars_width":0,"ocean_sidebar":"0","ocean_second_sidebar":"0","ocean_disable_margins":"enable","ocean_add_body_class":"","ocean_shortcode_before_top_bar":"","ocean_shortcode_after_top_bar":"","ocean_shortcode_before_header":"","ocean_shortcode_after_header":"","ocean_has_shortcode":"","ocean_shortcode_after_title":"","ocean_shortcode_before_footer_widgets":"","ocean_shortcode_after_footer_widgets":"","ocean_shortcode_before_footer_bottom":"","ocean_shortcode_after_footer_bottom":"","ocean_display_top_bar":"default","ocean_display_header":"default","ocean_header_style":"","ocean_center_header_left_menu":"0","ocean_custom_header_template":"0","ocean_custom_logo":0,"ocean_custom_retina_logo":0,"ocean_custom_logo_max_width":0,"ocean_custom_logo_tablet_max_width":0,"ocean_custom_logo_mobile_max_width":0,"ocean_custom_logo_max_height":0,"ocean_custom_logo_tablet_max_height":0,"ocean_custom_logo_mobile_max_height":0,"ocean_header_custom_menu":"0","ocean_menu_typo_font_family":"0","ocean_menu_typo_font_subset":"","ocean_menu_typo_font_size":0,"ocean_menu_typo_font_size_tablet":0,"ocean_menu_typo_font_size_mobile":0,"ocean_menu_typo_font_size_unit":"px","ocean_menu_typo_font_weight":"","ocean_menu_typo_font_weight_tablet":"","ocean_menu_typo_font_weight_mobile":"","ocean_menu_typo_transform":"","ocean_menu_typo_transform_tablet":"","ocean_menu_typo_transform_mobile":"","ocean_menu_typo_line_height":0,"ocean_menu_typo_line_height_tablet":0,"ocean_menu_typo_line_height_mobile":0,"ocean_menu_typo_line_height_unit":"","ocean_menu_typo_spacing":0,"ocean_menu_typo_spacing_tablet":0,"ocean_menu_typo_spacing_mobile":0,"ocean_menu_typo_spacing_unit":"","ocean_menu_link_color":"","ocean_menu_link_color_hover":"","ocean_menu_link_color_active":"","ocean_menu_link_background":"","ocean_menu_link_hover_background":"","ocean_menu_link_active_background":"","ocean_menu_social_links_bg":"","ocean_menu_social_hover_links_bg":"","ocean_menu_social_links_color":"","ocean_menu_social_hover_links_color":"","ocean_disable_title":"on","ocean_disable_heading":"default","ocean_post_title":"","ocean_post_subheading":"","ocean_post_title_style":"","ocean_post_title_background_color":"","ocean_post_title_background":0,"ocean_post_title_bg_image_position":"","ocean_post_title_bg_image_attachment":"","ocean_post_title_bg_image_repeat":"","ocean_post_title_bg_image_size":"","ocean_post_title_height":0,"ocean_post_title_bg_overlay":0.5,"ocean_post_title_bg_overlay_color":"","ocean_disable_breadcrumbs":"off","ocean_breadcrumbs_color":"","ocean_breadcrumbs_separator_color":"","ocean_breadcrumbs_links_color":"","ocean_breadcrumbs_links_hover_color":"","ocean_display_footer_widgets":"off","ocean_display_footer_bottom":"off","ocean_custom_footer_template":"0"},"product_brand":[],"product_cat":[21,25,29],"product_tag":[],"class_list":{"0":"post-4258","1":"product","2":"type-product","3":"status-publish","4":"has-post-thumbnail","6":"product_cat-diego-dalla-palma","7":"product_cat-twarz","8":"product_cat-cell-detoxium","10":"entry","11":"has-media","13":"first","14":"instock","15":"taxable","16":"shipping-taxable","17":"purchasable","18":"product-type-simple","19":"col","20":"span_1_of_3","21":"owp-content-center","22":"owp-thumbs-layout-horizontal","23":"owp-btn-big","24":"owp-tabs-layout-horizontal","25":"has-no-thumbnails"},"_links":{"self":[{"href":"https:\/\/egoskincare.pl\/sklep\/wp-json\/wp\/v2\/product\/4258","targetHints":{"allow":["GET"]}}],"collection":[{"href":"https:\/\/egoskincare.pl\/sklep\/wp-json\/wp\/v2\/product"}],"about":[{"href":"https:\/\/egoskincare.pl\/sklep\/wp-json\/wp\/v2\/types\/product"}],"replies":[{"embeddable":true,"href":"https:\/\/egoskincare.pl\/sklep\/wp-json\/wp\/v2\/comments?post=4258"}],"wp:featuredmedia":[{"embeddable":true,"href":"https:\/\/egoskincare.pl\/sklep\/wp-json\/wp\/v2\/media\/4246"}],"wp:attachment":[{"href":"https:\/\/egoskincare.pl\/sklep\/wp-json\/wp\/v2\/media?parent=4258"}],"wp:term":[{"taxonomy":"product_brand","embeddable":true,"href":"https:\/\/egoskincare.pl\/sklep\/wp-json\/wp\/v2\/product_brand?post=4258"},{"taxonomy":"product_cat","embeddable":true,"href":"https:\/\/egoskincare.pl\/sklep\/wp-json\/wp\/v2\/product_cat?post=4258"},{"taxonomy":"product_tag","embeddable":true,"href":"https:\/\/egoskincare.pl\/sklep\/wp-json\/wp\/v2\/product_tag?post=4258"}],"curies":[{"name":"wp","href":"https:\/\/api.w.org\/{rel}","templated":true}]}}